{"id":8734,"date":"2026-03-03T11:08:04","date_gmt":"2026-03-03T11:08:04","guid":{"rendered":"https:\/\/aia-cts.web.ua.pt\/?page_id=8734"},"modified":"2026-03-03T11:08:05","modified_gmt":"2026-03-03T11:08:05","slug":"premio-aia-cts-2014","status":"publish","type":"page","link":"http:\/\/aia-cts.web.ua.pt\/?page_id=8734&lang=es","title":{"rendered":"Pr\u00e9mio AIA-CTS 2014"},"content":{"rendered":"\n<p>Disserta\u00e7\u00e3o de mestrado &#8211;&nbsp;<b>Laura Mascarell Borred\u00e0<\/b>, Universidade de Val\u00eancia, Espanha, intitulada&nbsp;<b>\u00abQu\u00edmica Verda i Sostenibilitat en l\u2019Educaci\u00f3 Cient\u00edfica\u00bb<\/b>, orientada por&nbsp;<b>Amparo Vilches<\/b><\/p>\n\n\n\n<p><a href=\"http:\/\/aia-cts.web.ua.pt\/wp-content\/uploads\/2026\/01\/TFMLauraMascarellBorreda.pdf\" target=\"_blank\" rel=\"noreferrer noopener\">Disserta\u00e7\u00e3o de Mestrado Laura Mascarell Borred\u00e0<\/a><br><a href=\"http:\/\/aia-cts.web.ua.pt\/wp-content\/uploads\/2026\/01\/AIA-CTS_Diploma-de-Merito-de-Mestrado.pdf\" target=\"_blank\" rel=\"noreferrer noopener\">Diploma de M\u00e9rito Disserta\u00e7\u00e3o de Mestrado Laura Mascarell Borred\u00e0<\/a><\/p>\n\n\n\n<hr class=\"wp-block-separator has-alpha-channel-opacity\"\/>\n\n\n\n<p>Tese de doutoramento &#8211;&nbsp;<b>Maria da Concei\u00e7\u00e3o Ferreira de Figueiredo e Costa<\/b>, intitulada&nbsp;<b>\u00abCi\u00eancias no Primeiro Ciclo do Ensino B\u00e1sico: Um Programa para Educa\u00e7\u00e3o para Desenvolvimento Sustent\u00e1vel\u00bb<\/b>, Universidade de Aveiro, Portugal, orientada por&nbsp;<b>Isabel P. Martins<\/b>.<\/p>\n\n\n\n<p><a href=\"http:\/\/aia-cts.web.ua.pt\/wp-content\/uploads\/2026\/01\/Tese-Maria-da-Conceicao-Costa.pdf\" target=\"_blank\" rel=\"noreferrer noopener\">Tese de Doutoramento Maria da Concei\u00e7\u00e3o Ferreira de Figueiredo e Costa<\/a><br><a href=\"http:\/\/aia-cts.web.ua.pt\/wp-content\/uploads\/2026\/01\/AIA-CTS_Diploma-de-Merito.pdf\" target=\"_blank\" rel=\"noreferrer noopener\">Diploma de M\u00e9rito Tese de Doutoramento Maria da Concei\u00e7\u00e3o Ferreira de Figueiredo e Costa<\/a><\/p>\n","protected":false},"excerpt":{"rendered":"<p>Disserta\u00e7\u00e3o de mestrado &#8211;&nbsp;Laura Mascarell Borred\u00e0, Universidade de Val\u00eancia, Espanha, intitulada&nbsp;\u00abQu\u00edmica Verda i Sostenibilitat en l\u2019Educaci\u00f3 Cient\u00edfica\u00bb, orientada por&nbsp;Amparo Vilches Disserta\u00e7\u00e3o de Mestrado Laura Mascarell Borred\u00e0Diploma de M\u00e9rito Disserta\u00e7\u00e3o de Mestrado Laura Mascarell Borred\u00e0 Tese de doutoramento &#8211;&nbsp;Maria da Concei\u00e7\u00e3o&hellip; <\/p>\n","protected":false},"author":1,"featured_media":0,"parent":8659,"menu_order":12,"comment_status":"open","ping_status":"closed","template":"","meta":{"footnotes":""},"class_list":["post-8734","page","type-page","status-publish","hentry"],"_links":{"self":[{"href":"http:\/\/aia-cts.web.ua.pt\/index.php?rest_route=\/wp\/v2\/pages\/8734","targetHints":{"allow":["GET"]}}],"collection":[{"href":"http:\/\/aia-cts.web.ua.pt\/index.php?rest_route=\/wp\/v2\/pages"}],"about":[{"href":"http:\/\/aia-cts.web.ua.pt\/index.php?rest_route=\/wp\/v2\/types\/page"}],"author":[{"embeddable":true,"href":"http:\/\/aia-cts.web.ua.pt\/index.php?rest_route=\/wp\/v2\/users\/1"}],"replies":[{"embeddable":true,"href":"http:\/\/aia-cts.web.ua.pt\/index.php?rest_route=%2Fwp%2Fv2%2Fcomments&post=8734"}],"version-history":[{"count":2,"href":"http:\/\/aia-cts.web.ua.pt\/index.php?rest_route=\/wp\/v2\/pages\/8734\/revisions"}],"predecessor-version":[{"id":8740,"href":"http:\/\/aia-cts.web.ua.pt\/index.php?rest_route=\/wp\/v2\/pages\/8734\/revisions\/8740"}],"up":[{"embeddable":true,"href":"http:\/\/aia-cts.web.ua.pt\/index.php?rest_route=\/wp\/v2\/pages\/8659"}],"wp:attachment":[{"href":"http:\/\/aia-cts.web.ua.pt\/index.php?rest_route=%2Fwp%2Fv2%2Fmedia&parent=8734"}],"curies":[{"name":"wp","href":"https:\/\/api.w.org\/{rel}","templated":true}]}}

Prémio AIA-CTS 2014

<p>Dissertação de mestrado &#8211;&nbsp;<b>Laura Mascarell Borredà</b>, Universidade de Valência, Espanha, intitulada&nbsp;<b>«Química Verda i Sostenibilitat en l’Educació Científica»</b>, orientada por&nbsp;<b>Amparo Vilches</b></p>



<p><a href="http://aia-cts.web.ua.pt/wp-content/uploads/2026/01/TFMLauraMascarellBorreda.pdf" target="_blank" rel="noreferrer noopener">Dissertação de Mestrado Laura Mascarell Borredà</a><br><a href="http://aia-cts.web.ua.pt/wp-content/uploads/2026/01/AIA-CTS_Diploma-de-Merito-de-Mestrado.pdf" target="_blank" rel="noreferrer noopener">Diploma de Mérito Dissertação de Mestrado Laura Mascarell Borredà</a></p>



<hr class="wp-block-separator has-alpha-channel-opacity"/>



<p>Tese de doutoramento &#8211;&nbsp;<b>Maria da Conceição Ferreira de Figueiredo e Costa</b>, intitulada&nbsp;<b>«Ciências no Primeiro Ciclo do Ensino Básico: Um Programa para Educação para Desenvolvimento Sustentável»</b>, Universidade de Aveiro, Portugal, orientada por&nbsp;<b>Isabel P. Martins</b>.</p>



<p><a href="http://aia-cts.web.ua.pt/wp-content/uploads/2026/01/Tese-Maria-da-Conceicao-Costa.pdf" target="_blank" rel="noreferrer noopener">Tese de Doutoramento Maria da Conceição Ferreira de Figueiredo e Costa</a><br><a href="http://aia-cts.web.ua.pt/wp-content/uploads/2026/01/AIA-CTS_Diploma-de-Merito.pdf" target="_blank" rel="noreferrer noopener">Diploma de Mérito Tese de Doutoramento Maria da Conceição Ferreira de Figueiredo e Costa</a></p>

<p>Dissertação de mestrado &#8211;&nbsp;Laura Mascarell Borredà, Universidade de Valência, Espanha, intitulada&nbsp;«Química Verda i Sostenibilitat en l’Educació Científica», orientada por&nbsp;Amparo Vilches Dissertação de Mestrado Laura Mascarell BorredàDiploma de Mérito Dissertação de Mestrado Laura Mascarell Borredà Tese de doutoramento &#8211;&nbsp;Maria da Conceição&hellip; </p>
