{"id":2,"date":"2013-05-28T14:22:29","date_gmt":"2013-05-28T14:22:29","guid":{"rendered":"http:\/\/aia-cts.web.ua.pt\/?page_id=2"},"modified":"2026-03-03T10:16:34","modified_gmt":"2026-03-03T10:16:34","slug":"sample-page","status":"publish","type":"page","link":"https:\/\/aia-cts.web.ua.pt\/?page_id=2","title":{"rendered":"Quem somos"},"content":{"rendered":"\n<p>A AIA \u2013 CTS, ou apenas AIA ou Associa\u00e7\u00e3o, \u00e9 a Associa\u00e7\u00e3o Ibero-Americana Ci\u00eancia-Tecnologia-Sociedade na Educa\u00e7\u00e3o em Ci\u00eancias, uma associa\u00e7\u00e3o cient\u00edfica particular e sem fins lucrativos.<\/p>\n\n\n\n<p>Fundada em 9 de julho de 2010, a AIA est\u00e1 sediada em Portugal (Europa), na cidade de Aveiro, no Campus Universit\u00e1rio de Santiago da Universidade de Aveiro. Esta Associa\u00e7\u00e3o pretende abarcar toda a comunidade ibero-americana, formada por 22 pa\u00edses da Europa e das Am\u00e9ricas do Sul, do Norte e Central: Andorra, Argentina, Bol\u00edvia, Brasil, Col\u00f4mbia, Costa Rica, Cuba, Chile, Equador, El Salvador, Espanha, Guatemala, Honduras, M\u00e9xico, Nicar\u00e1gua, Panam\u00e1, Paraguai, Peru, Portugal, Rep\u00fablica Dominicana, Uruguai, Venezuela.<\/p>\n\n\n\n<p>Um dos objetivos da AIA \u00e9 reunir educadores e investigadores da comunidade ibero-americana que trabalham e tenham interesse no conhecimento da Ci\u00eancia-Tecnologia-Sociedade na Educa\u00e7\u00e3o em Ci\u00eancia, com a inten\u00e7\u00e3o de aprofundar, divulgar e promover o desenvolvimento dessa \u00e1rea.<\/p>\n\n\n\n<p>Para que esta integra\u00e7\u00e3o possa acontecer, a Associa\u00e7\u00e3o pode celebrar contratos e estabelecer conv\u00eanios com outras entidades p\u00fablicas ou privadas e filiar-se a organismos nacionais ou internacionais que agreguem institui\u00e7\u00f5es com prop\u00f3sitos afins.<\/p>\n\n\n\n<p><a href=\"http:\/\/aia-cts.web.ua.pt\/wp-content\/uploads\/2026\/03\/regulamento-interno_pt_com-alteracoes-assembleia.doc\" target=\"_blank\" rel=\"noreferrer noopener\">Regulamento Interno<\/a><\/p>\n\n\n\n<p><a href=\"http:\/\/aia-cts.web.ua.pt\/wp-content\/uploads\/2026\/03\/registo-marca_20131000063027.pdf\" data-type=\"link\" data-id=\"http:\/\/aia-cts.web.ua.pt\/wp-content\/uploads\/2026\/03\/registo-marca_20131000063027.pdf\">Registo de Marca<\/a><\/p>\n\n\n\n<p><a href=\"http:\/\/aia-cts.web.ua.pt\/wp-content\/uploads\/2026\/03\/AIA-CTS_Estatutos.pdf\" data-type=\"link\" data-id=\"http:\/\/aia-cts.web.ua.pt\/wp-content\/uploads\/2026\/03\/AIA-CTS_Estatutos.pdf\" target=\"_blank\" rel=\"noreferrer noopener\">Estatutos<\/a> | <a href=\"http:\/\/aia-cts.web.ua.pt\/wp-content\/uploads\/2020\/11\/Resultado-de-la-encuesta_Modificacion-de-los-Estatutos.pdf\">Modificaci\u00f3n de los Estatutos<\/a><\/p>\n\n\n\n<p>Modificaci\u00f3n de los Estatutos de la Asociaci\u00f3n, punto 2 del art\u00edculo 9\u00ba de los Estatutos de la AIA-CTS:<\/p>\n\n\n\n<p><strong>\u201cLos miembros de la Mesa de la Asamblea General, as\u00ed como los de la Comisi\u00f3n Ejecutiva, de la Direcci\u00f3n y del Consejo Fiscal, son elegidos para un mandato de cuatro a\u00f1os, pudiendo ser reelegidos para otros mandatos<\/strong>\u201d.<\/p>\n\n\n\n<p><a href=\"http:\/\/aia-cts.web.ua.pt\/wp-content\/uploads\/2026\/03\/apresentacao-aiacts-imartins.ppt\" data-type=\"link\" data-id=\"http:\/\/aia-cts.web.ua.pt\/wp-content\/uploads\/2026\/03\/apresentacao-aiacts-imartins.ppt\" target=\"_blank\" rel=\"noreferrer noopener\">Apresenta\u00e7\u00e3o Prof. Isabel P. Martins<\/a><\/p>\n\n\n\n<p><a href=\"http:\/\/aia-cts.web.ua.pt\/wp-content\/uploads\/2026\/03\/publicacao_portal-da-justica.pdf\" data-type=\"link\" data-id=\"http:\/\/aia-cts.web.ua.pt\/wp-content\/uploads\/2026\/03\/publicacao_portal-da-justica.pdf\" target=\"_blank\" rel=\"noreferrer noopener\">Publica\u00e7\u00e3o<\/a><br><\/p>\n","protected":false},"excerpt":{"rendered":"<p>A AIA \u2013 CTS, ou apenas AIA ou Associa\u00e7\u00e3o, \u00e9 a Associa\u00e7\u00e3o Ibero-Americana Ci\u00eancia-Tecnologia-Sociedade na Educa\u00e7\u00e3o em Ci\u00eancias, uma associa\u00e7\u00e3o cient\u00edfica particular e sem fins lucrativos. Fundada em 9 de julho de 2010, a AIA est\u00e1 sediada em Portugal (Europa),&hellip; <\/p>\n","protected":false},"author":1,"featured_media":79,"parent":48,"menu_order":3,"comment_status":"open","ping_status":"closed","template":"","meta":{"footnotes":""},"class_list":["post-2","page","type-page","status-publish","has-post-thumbnail","hentry"],"_links":{"self":[{"href":"https:\/\/aia-cts.web.ua.pt\/index.php?rest_route=\/wp\/v2\/pages\/2","targetHints":{"allow":["GET"]}}],"collection":[{"href":"https:\/\/aia-cts.web.ua.pt\/index.php?rest_route=\/wp\/v2\/pages"}],"about":[{"href":"https:\/\/aia-cts.web.ua.pt\/index.php?rest_route=\/wp\/v2\/types\/page"}],"author":[{"embeddable":true,"href":"https:\/\/aia-cts.web.ua.pt\/index.php?rest_route=\/wp\/v2\/users\/1"}],"replies":[{"embeddable":true,"href":"https:\/\/aia-cts.web.ua.pt\/index.php?rest_route=%2Fwp%2Fv2%2Fcomments&post=2"}],"version-history":[{"count":62,"href":"https:\/\/aia-cts.web.ua.pt\/index.php?rest_route=\/wp\/v2\/pages\/2\/revisions"}],"predecessor-version":[{"id":8470,"href":"https:\/\/aia-cts.web.ua.pt\/index.php?rest_route=\/wp\/v2\/pages\/2\/revisions\/8470"}],"up":[{"embeddable":true,"href":"https:\/\/aia-cts.web.ua.pt\/index.php?rest_route=\/wp\/v2\/pages\/48"}],"wp:featuredmedia":[{"embeddable":true,"href":"https:\/\/aia-cts.web.ua.pt\/index.php?rest_route=\/wp\/v2\/media\/79"}],"wp:attachment":[{"href":"https:\/\/aia-cts.web.ua.pt\/index.php?rest_route=%2Fwp%2Fv2%2Fmedia&parent=2"}],"curies":[{"name":"wp","href":"https:\/\/api.w.org\/{rel}","templated":true}]}}

<p>A AIA – CTS, ou apenas AIA ou Associação, é a Associação Ibero-Americana Ciência-Tecnologia-Sociedade na Educação em Ciências, uma associação científica particular e sem fins lucrativos.</p>



<p>Fundada em 9 de julho de 2010, a AIA está sediada em Portugal (Europa), na cidade de Aveiro, no Campus Universitário de Santiago da Universidade de Aveiro. Esta Associação pretende abarcar toda a comunidade ibero-americana, formada por 22 países da Europa e das Américas do Sul, do Norte e Central: Andorra, Argentina, Bolívia, Brasil, Colômbia, Costa Rica, Cuba, Chile, Equador, El Salvador, Espanha, Guatemala, Honduras, México, Nicarágua, Panamá, Paraguai, Peru, Portugal, República Dominicana, Uruguai, Venezuela.</p>



<p>Um dos objetivos da AIA é reunir educadores e investigadores da comunidade ibero-americana que trabalham e tenham interesse no conhecimento da Ciência-Tecnologia-Sociedade na Educação em Ciência, com a intenção de aprofundar, divulgar e promover o desenvolvimento dessa área.</p>



<p>Para que esta integração possa acontecer, a Associação pode celebrar contratos e estabelecer convênios com outras entidades públicas ou privadas e filiar-se a organismos nacionais ou internacionais que agreguem instituições com propósitos afins.</p>



<p><a href="http://aia-cts.web.ua.pt/wp-content/uploads/2026/03/regulamento-interno_pt_com-alteracoes-assembleia.doc" target="_blank" rel="noreferrer noopener">Regulamento Interno</a></p>



<p><a href="http://aia-cts.web.ua.pt/wp-content/uploads/2026/03/registo-marca_20131000063027.pdf" data-type="link" data-id="http://aia-cts.web.ua.pt/wp-content/uploads/2026/03/registo-marca_20131000063027.pdf">Registo de Marca</a></p>



<p><a href="http://aia-cts.web.ua.pt/wp-content/uploads/2026/03/AIA-CTS_Estatutos.pdf" data-type="link" data-id="http://aia-cts.web.ua.pt/wp-content/uploads/2026/03/AIA-CTS_Estatutos.pdf" target="_blank" rel="noreferrer noopener">Estatutos</a> | <a href="http://aia-cts.web.ua.pt/wp-content/uploads/2020/11/Resultado-de-la-encuesta_Modificacion-de-los-Estatutos.pdf">Modificación de los Estatutos</a></p>



<p>Modificación de los Estatutos de la Asociación, punto 2 del artículo 9º de los Estatutos de la AIA-CTS:</p>



<p><strong>“Los miembros de la Mesa de la Asamblea General, así como los de la Comisión Ejecutiva, de la Dirección y del Consejo Fiscal, son elegidos para un mandato de cuatro años, pudiendo ser reelegidos para otros mandatos</strong>”.</p>



<p><a href="http://aia-cts.web.ua.pt/wp-content/uploads/2026/03/apresentacao-aiacts-imartins.ppt" data-type="link" data-id="http://aia-cts.web.ua.pt/wp-content/uploads/2026/03/apresentacao-aiacts-imartins.ppt" target="_blank" rel="noreferrer noopener">Apresentação Prof. Isabel P. Martins</a></p>



<p><a href="http://aia-cts.web.ua.pt/wp-content/uploads/2026/03/publicacao_portal-da-justica.pdf" data-type="link" data-id="http://aia-cts.web.ua.pt/wp-content/uploads/2026/03/publicacao_portal-da-justica.pdf" target="_blank" rel="noreferrer noopener">Publicação</a><br></p>

<p>A AIA – CTS, ou apenas AIA ou Associação, é a Associação Ibero-Americana Ciência-Tecnologia-Sociedade na Educação em Ciências, uma associação científica particular e sem fins lucrativos. Fundada em 9 de julho de 2010, a AIA está sediada em Portugal (Europa),&hellip; </p>
