{"id":59,"date":"2013-05-30T11:47:40","date_gmt":"2013-05-30T10:47:40","guid":{"rendered":"http:\/\/aia-cts.web.ua.pt\/?page_id=59"},"modified":"2026-03-03T10:16:41","modified_gmt":"2026-03-03T10:16:41","slug":"historia-2","status":"publish","type":"page","link":"https:\/\/aia-cts.web.ua.pt\/?page_id=59","title":{"rendered":"Hist\u00f3ria"},"content":{"rendered":"\n<p>A AIA-CTS constituiu-se em 2010, ao cumprirem-se 10 anos do Semin\u00e1rio bienal CTS, cuja primeira edi\u00e7\u00e3o se celebrou em Aveiro (Portugal) em julho do ano 2000. At\u00e9 2008 este Semin\u00e1rio era Ib\u00e9rico e ocorria bienalmente alternadamente em Portugal e Espanha. Durante a sua quarta edi\u00e7\u00e3o, em 2006, decidiu-se que o V Semin\u00e1rio Ib\u00e9rico, realizado em Portugal, seria alargado aos investigadores da Am\u00e9rica Latina e corresponderia simultaneamente ao I Semin\u00e1rio Ibero-americano. O II Semin\u00e1rio Ibero-americano, em 2010, foi o primeiro a ocorrer na Am\u00e9rica Latina.<\/p>\n\n\n\n<ul class=\"wp-block-list\">\n<li>I Semin\u00e1rio Ib\u00e9rico CTS, em 2000 \u2013 Universidade de Aveiro \u2013 Portugal<\/li>\n\n\n\n<li>II Semin\u00e1rio Ib\u00e9rico CTS, em 2002 \u2013 Universidade de Valladolid \u2013 Espanha<\/li>\n\n\n\n<li>III Semin\u00e1rio Ib\u00e9rico CTS, em 2004 \u2013 Universidade de Aveiro \u2013 Portugal<\/li>\n\n\n\n<li>IV Semin\u00e1rio Ib\u00e9rico CTS, em 2006 \u2013 Universidade de M\u00e1laga \u2013 Espanha<\/li>\n\n\n\n<li>V Semin\u00e1rio Ib\u00e9rico CTS \/ I Semin\u00e1rio Ibero-americano CTS, em 2008 \u2013 Universidade de Aveiro \u2013 Portugal<\/li>\n\n\n\n<li>II Semin\u00e1rio Ibero-americano CTS \/\u00a0VI Semin\u00e1rio Ib\u00e9rico CTS, em 2010 \u00a0\u2013 Universidade de Bras\u00edlia \u2013 Brasil<\/li>\n\n\n\n<li>VII Semin\u00e1rio Ib\u00e9rico CTS \/ III Semin\u00e1rio Ibero-americano CTS, em 2012 &#8211; Madrid &#8211; Espanha<\/li>\n\n\n\n<li>IV Semin\u00e1rio Ibero-Americano CTS\/VIII Semin\u00e1rio CTS, em 2014 &#8211; Universidade de Santo Tom\u00e1s &#8211; Bogot\u00e1, Col\u00f4mbia<\/li>\n\n\n\n<li>V Semin\u00e1rio Ibero-Americano CTS\/IX Semin\u00e1rio CTS, em 2016 &#8211; Universidade de Aveiro, Portugal<\/li>\n\n\n\n<li>VI Semin\u00e1rio Ibero-Americano CTS\/X Semin\u00e1rio CTS, em 2018 &#8211; Universidade Nacional de Quilmes,\u00a0Bernal, Buenos Aires &#8211; Argentina<\/li>\n\n\n\n<li>VII Semin\u00e1rio Ibero-Americano CTS\/XI Semin\u00e1rio CTS, em 2020 \u2013 Universidade de Valencia \u2013 Espanha<\/li>\n<\/ul>\n\n\n\n<p>Estes semin\u00e1rios configuram-se como um espa\u00e7o para debate acad\u00e9mico sobre o campo de investiga\u00e7\u00e3o das inter-rela\u00e7\u00f5es Ci\u00eancia-Tecnologia-Sociedade no ensino das Ci\u00eancias. Os seus objetivos priorit\u00e1rios centram-se no incentivo ao debate, \u00e0 investiga\u00e7\u00e3o e \u00e0 inova\u00e7\u00e3o como forma de alcan\u00e7ar uma educa\u00e7\u00e3o em ci\u00eancias de qualidade.<\/p>\n\n\n\n<p>O seu p\u00fablico-alvo s\u00e3o investigadores e estudantes de P\u00f3s-Gradua\u00e7\u00e3o que desenvolvem pesquisa na \u00e1rea. A ades\u00e3o cada vez maior de participantes neste evento demonstra a atualidade da tem\u00e1tica e propicia a consolida\u00e7\u00e3o de estudos e pesquisas no campo e o interc\u00e2mbio cient\u00edfico favorecido pela proximidade das l\u00ednguas ibero-americanas.<\/p>\n\n\n\n<p>A educa\u00e7\u00e3o CTS \u00e9 encarada como uma via para concretizar o ensino das Ci\u00eancias orientado para uma literacia cient\u00edfica cr\u00edtica dos alunos. E \u00e9 este o ideal mais consent\u00e2neo com uma educa\u00e7\u00e3o para a cidadania e para o Desenvolvimento Sustent\u00e1vel. E esta perspectiva tem sido reconhecida e difundida nesta e por esta comunidade que se foi alargando.<\/p>\n","protected":false},"excerpt":{"rendered":"<p>A AIA-CTS constituiu-se em 2010, ao cumprirem-se 10 anos do Semin\u00e1rio bienal CTS, cuja primeira edi\u00e7\u00e3o se celebrou em Aveiro (Portugal) em julho do ano 2000. At\u00e9 2008 este Semin\u00e1rio era Ib\u00e9rico e ocorria bienalmente alternadamente em Portugal e Espanha.&hellip; <\/p>\n","protected":false},"author":1,"featured_media":0,"parent":0,"menu_order":4,"comment_status":"open","ping_status":"closed","template":"","meta":{"footnotes":""},"class_list":["post-59","page","type-page","status-publish","hentry"],"_links":{"self":[{"href":"https:\/\/aia-cts.web.ua.pt\/index.php?rest_route=\/wp\/v2\/pages\/59","targetHints":{"allow":["GET"]}}],"collection":[{"href":"https:\/\/aia-cts.web.ua.pt\/index.php?rest_route=\/wp\/v2\/pages"}],"about":[{"href":"https:\/\/aia-cts.web.ua.pt\/index.php?rest_route=\/wp\/v2\/types\/page"}],"author":[{"embeddable":true,"href":"https:\/\/aia-cts.web.ua.pt\/index.php?rest_route=\/wp\/v2\/users\/1"}],"replies":[{"embeddable":true,"href":"https:\/\/aia-cts.web.ua.pt\/index.php?rest_route=%2Fwp%2Fv2%2Fcomments&post=59"}],"version-history":[{"count":19,"href":"https:\/\/aia-cts.web.ua.pt\/index.php?rest_route=\/wp\/v2\/pages\/59\/revisions"}],"predecessor-version":[{"id":8566,"href":"https:\/\/aia-cts.web.ua.pt\/index.php?rest_route=\/wp\/v2\/pages\/59\/revisions\/8566"}],"wp:attachment":[{"href":"https:\/\/aia-cts.web.ua.pt\/index.php?rest_route=%2Fwp%2Fv2%2Fmedia&parent=59"}],"curies":[{"name":"wp","href":"https:\/\/api.w.org\/{rel}","templated":true}]}}

História

<p>A AIA-CTS constituiu-se em 2010, ao cumprirem-se 10 anos do Seminário bienal CTS, cuja primeira edição se celebrou em Aveiro (Portugal) em julho do ano 2000. Até 2008 este Seminário era Ibérico e ocorria bienalmente alternadamente em Portugal e Espanha. Durante a sua quarta edição, em 2006, decidiu-se que o V Seminário Ibérico, realizado em Portugal, seria alargado aos investigadores da América Latina e corresponderia simultaneamente ao I Seminário Ibero-americano. O II Seminário Ibero-americano, em 2010, foi o primeiro a ocorrer na América Latina.</p>



<ul class="wp-block-list">
<li>I Seminário Ibérico CTS, em 2000 – Universidade de Aveiro – Portugal</li>



<li>II Seminário Ibérico CTS, em 2002 – Universidade de Valladolid – Espanha</li>



<li>III Seminário Ibérico CTS, em 2004 – Universidade de Aveiro – Portugal</li>



<li>IV Seminário Ibérico CTS, em 2006 – Universidade de Málaga – Espanha</li>



<li>V Seminário Ibérico CTS / I Seminário Ibero-americano CTS, em 2008 – Universidade de Aveiro – Portugal</li>



<li>II Seminário Ibero-americano CTS / VI Seminário Ibérico CTS, em 2010  – Universidade de Brasília – Brasil</li>



<li>VII Seminário Ibérico CTS / III Seminário Ibero-americano CTS, em 2012 &#8211; Madrid &#8211; Espanha</li>



<li>IV Seminário Ibero-Americano CTS/VIII Seminário CTS, em 2014 &#8211; Universidade de Santo Tomás &#8211; Bogotá, Colômbia</li>



<li>V Seminário Ibero-Americano CTS/IX Seminário CTS, em 2016 &#8211; Universidade de Aveiro, Portugal</li>



<li>VI Seminário Ibero-Americano CTS/X Seminário CTS, em 2018 &#8211; Universidade Nacional de Quilmes, Bernal, Buenos Aires &#8211; Argentina</li>



<li>VII Seminário Ibero-Americano CTS/XI Seminário CTS, em 2020 – Universidade de Valencia – Espanha</li>
</ul>



<p>Estes seminários configuram-se como um espaço para debate académico sobre o campo de investigação das inter-relações Ciência-Tecnologia-Sociedade no ensino das Ciências. Os seus objetivos prioritários centram-se no incentivo ao debate, à investigação e à inovação como forma de alcançar uma educação em ciências de qualidade.</p>



<p>O seu público-alvo são investigadores e estudantes de Pós-Graduação que desenvolvem pesquisa na área. A adesão cada vez maior de participantes neste evento demonstra a atualidade da temática e propicia a consolidação de estudos e pesquisas no campo e o intercâmbio científico favorecido pela proximidade das línguas ibero-americanas.</p>



<p>A educação CTS é encarada como uma via para concretizar o ensino das Ciências orientado para uma literacia científica crítica dos alunos. E é este o ideal mais consentâneo com uma educação para a cidadania e para o Desenvolvimento Sustentável. E esta perspectiva tem sido reconhecida e difundida nesta e por esta comunidade que se foi alargando.</p>

<p>A AIA-CTS constituiu-se em 2010, ao cumprirem-se 10 anos do Seminário bienal CTS, cuja primeira edição se celebrou em Aveiro (Portugal) em julho do ano 2000. Até 2008 este Seminário era Ibérico e ocorria bienalmente alternadamente em Portugal e Espanha.&hellip; </p>
