{"id":6602,"date":"2022-12-14T11:02:55","date_gmt":"2022-12-14T11:02:55","guid":{"rendered":"https:\/\/aia-cts.web.ua.pt\/?page_id=6602"},"modified":"2026-03-03T11:03:09","modified_gmt":"2026-03-03T11:03:09","slug":"premio-aia-cts-2022","status":"publish","type":"page","link":"https:\/\/aia-cts.web.ua.pt\/?page_id=6602","title":{"rendered":"Pr\u00e9mio AIA-CTS 2022"},"content":{"rendered":"\n<p><strong>Candidaturas: <\/strong>Trabalhos conclu\u00eddos em 2020 e 2021<\/p>\n\n\n\n<h6 class=\"wp-block-heading\">J\u00daRI:<\/h6>\n\n\n\n<ol class=\"wp-block-list\"><li><strong>Isabel P. Martins<\/strong>, Universidade de Aveiro \u2013 Portugal &#8211; <strong>Presidente do J\u00fari<\/strong><\/li><li><strong>Rosa Nidia Tuay Sigua<\/strong>, Universidad Pedag\u00f3gica Nacional \u2013 Colombia<\/li><li><strong>\u00c1ngel V\u00e1zquez Alonso<\/strong>, Universidad de las Islas Baleares \u2013 Espa\u00f1a<\/li><li><strong>M. Arminda Pedrosa<\/strong>, Universidade de Coimbra \u2013 Portugal<\/li><li><strong>Valter Cesar Montanher<\/strong>, Instituto Federal de Educa\u00e7\u00e3o, Ci\u00eancia e Tecnologia de S\u00e3o Paulo \u2013 Brasil<\/li><li><strong>Carlos Os\u00f3rio, <\/strong>Universidad del Valle &#8211; Colombia<\/li><li><strong>M\u00f3nica Herrero<\/strong>, Universidade de Oviedo \u2013 Espa\u00f1a<\/li><li><strong>Isabel Sofia Rebelo<\/strong>, Instituto Polit\u00e9cnico de Leiria &#8211; Portugal<\/li><li><strong>Neusa Scheid<\/strong>, Universidade Regional Integrada do Alto Uruguai e das Miss\u00f5es &#8211; Brasil<\/li><li><strong>Saulo Hermosillo Marina<\/strong>, Universidad Nacional Aut\u00f3noma de M\u00e9xico &#8211; M\u00e9xico<\/li><\/ol>\n\n\n\n<h6 class=\"wp-block-heading\"><br>DOUTORAMENTO:<\/h6>\n\n\n\n<p>8 Candidaturas<\/p>\n\n\n\n<p><strong>VENCEDORA:<\/strong> <strong>Rita Fl\u00e1via Veiga Tavares<\/strong><br>ORIENTA\u00c7\u00c3O: Rui M. Vieira e Lu\u00eds Pedro, Universidade de Aveiro, PORTUGAL<br>TESE: Aplica\u00e7\u00e3o m\u00f3vel para educa\u00e7\u00e3o em ci\u00eancias integrando um framework de explora\u00e7\u00e3o de dados educacionais<\/p>\n\n\n\n<p><a href=\"http:\/\/hdl.handle.net\/10773\/31037\" target=\"_blank\" rel=\"noreferrer noopener\">Tese de Doutoramento de Rita Fl\u00e1via Veiga Tavares<\/a><br><a href=\"http:\/\/aia-cts.web.ua.pt\/wp-content\/uploads\/2022\/12\/Diploma-de-Merito_Tese-de-Doutoramento2022.pdf\" target=\"_blank\" rel=\"noreferrer noopener\">Diploma de M\u00e9rito Tese de Doutoramento de Rita Fl\u00e1via Veiga Tavares<\/a><\/p>\n\n\n\n<h6 class=\"wp-block-heading\"><br>MESTRADO:<\/h6>\n\n\n\n<p>5 Candidaturas<\/p>\n\n\n\n<p><strong>VENCEDORA:<\/strong> <strong>Raquel de Rivas Verde-Montenegro<\/strong><br>ORIENTA\u00c7\u00c3O: Amparo Vilches e Olga Mayoral, Universidade de Val\u00eancia, ESPANHA<br>DISSERTA\u00c7\u00c3O: La Educaci\u00f3n Secundaria frente al Cambio Clim\u00e1tico y la Sostenibilidad: concepciones del alumnado y propuestas de intervenci\u00f3n para la formaci\u00f3n del profesorado en el marco de los ODS<\/p>\n\n\n\n<p><a href=\"https:\/\/hdl.handle.net\/10550\/80653\" target=\"_blank\" rel=\"noreferrer noopener\">Disserta\u00e7\u00e3o de Mestrado de Raquel de Rivas Verde-Montenegro<\/a><br><a href=\"http:\/\/aia-cts.web.ua.pt\/wp-content\/uploads\/2022\/12\/Diploma-de-Merito_Dissertacao-de-Mestrado-2022.pdf\" target=\"_blank\" rel=\"noreferrer noopener\">Diploma de M\u00e9rito Disserta\u00e7\u00e3o de Mestrado de Raquel de Rivas Verde-Montenegro<\/a><\/p>\n","protected":false},"excerpt":{"rendered":"<p>Candidaturas: Trabalhos conclu\u00eddos em 2020 e 2021 J\u00daRI: Isabel P. Martins, Universidade de Aveiro \u2013 Portugal &#8211; Presidente do J\u00fari Rosa Nidia Tuay Sigua, Universidad Pedag\u00f3gica Nacional \u2013 Colombia \u00c1ngel V\u00e1zquez Alonso, Universidad de las Islas Baleares \u2013 Espa\u00f1a M.&hellip; <\/p>\n","protected":false},"author":1,"featured_media":0,"parent":64,"menu_order":16,"comment_status":"closed","ping_status":"closed","template":"","meta":{"footnotes":""},"class_list":["post-6602","page","type-page","status-publish","hentry"],"_links":{"self":[{"href":"https:\/\/aia-cts.web.ua.pt\/index.php?rest_route=\/wp\/v2\/pages\/6602","targetHints":{"allow":["GET"]}}],"collection":[{"href":"https:\/\/aia-cts.web.ua.pt\/index.php?rest_route=\/wp\/v2\/pages"}],"about":[{"href":"https:\/\/aia-cts.web.ua.pt\/index.php?rest_route=\/wp\/v2\/types\/page"}],"author":[{"embeddable":true,"href":"https:\/\/aia-cts.web.ua.pt\/index.php?rest_route=\/wp\/v2\/users\/1"}],"replies":[{"embeddable":true,"href":"https:\/\/aia-cts.web.ua.pt\/index.php?rest_route=%2Fwp%2Fv2%2Fcomments&post=6602"}],"version-history":[{"count":5,"href":"https:\/\/aia-cts.web.ua.pt\/index.php?rest_route=\/wp\/v2\/pages\/6602\/revisions"}],"predecessor-version":[{"id":6626,"href":"https:\/\/aia-cts.web.ua.pt\/index.php?rest_route=\/wp\/v2\/pages\/6602\/revisions\/6626"}],"up":[{"embeddable":true,"href":"https:\/\/aia-cts.web.ua.pt\/index.php?rest_route=\/wp\/v2\/pages\/64"}],"wp:attachment":[{"href":"https:\/\/aia-cts.web.ua.pt\/index.php?rest_route=%2Fwp%2Fv2%2Fmedia&parent=6602"}],"curies":[{"name":"wp","href":"https:\/\/api.w.org\/{rel}","templated":true}]}}

Prémio AIA-CTS 2022

<p><strong>Candidaturas: </strong>Trabalhos concluídos em 2020 e 2021</p>



<h6 class="wp-block-heading">JÚRI:</h6>



<ol class="wp-block-list"><li><strong>Isabel P. Martins</strong>, Universidade de Aveiro – Portugal &#8211; <strong>Presidente do Júri</strong></li><li><strong>Rosa Nidia Tuay Sigua</strong>, Universidad Pedagógica Nacional – Colombia</li><li><strong>Ángel Vázquez Alonso</strong>, Universidad de las Islas Baleares – España</li><li><strong>M. Arminda Pedrosa</strong>, Universidade de Coimbra – Portugal</li><li><strong>Valter Cesar Montanher</strong>, Instituto Federal de Educação, Ciência e Tecnologia de São Paulo – Brasil</li><li><strong>Carlos Osório, </strong>Universidad del Valle &#8211; Colombia</li><li><strong>Mónica Herrero</strong>, Universidade de Oviedo – España</li><li><strong>Isabel Sofia Rebelo</strong>, Instituto Politécnico de Leiria &#8211; Portugal</li><li><strong>Neusa Scheid</strong>, Universidade Regional Integrada do Alto Uruguai e das Missões &#8211; Brasil</li><li><strong>Saulo Hermosillo Marina</strong>, Universidad Nacional Autónoma de México &#8211; México</li></ol>



<h6 class="wp-block-heading"><br>DOUTORAMENTO:</h6>



<p>8 Candidaturas</p>



<p><strong>VENCEDORA:</strong> <strong>Rita Flávia Veiga Tavares</strong><br>ORIENTAÇÃO: Rui M. Vieira e Luís Pedro, Universidade de Aveiro, PORTUGAL<br>TESE: Aplicação móvel para educação em ciências integrando um framework de exploração de dados educacionais</p>



<p><a href="http://hdl.handle.net/10773/31037" target="_blank" rel="noreferrer noopener">Tese de Doutoramento de Rita Flávia Veiga Tavares</a><br><a href="http://aia-cts.web.ua.pt/wp-content/uploads/2022/12/Diploma-de-Merito_Tese-de-Doutoramento2022.pdf" target="_blank" rel="noreferrer noopener">Diploma de Mérito Tese de Doutoramento de Rita Flávia Veiga Tavares</a></p>



<h6 class="wp-block-heading"><br>MESTRADO:</h6>



<p>5 Candidaturas</p>



<p><strong>VENCEDORA:</strong> <strong>Raquel de Rivas Verde-Montenegro</strong><br>ORIENTAÇÃO: Amparo Vilches e Olga Mayoral, Universidade de Valência, ESPANHA<br>DISSERTAÇÃO: La Educación Secundaria frente al Cambio Climático y la Sostenibilidad: concepciones del alumnado y propuestas de intervención para la formación del profesorado en el marco de los ODS</p>



<p><a href="https://hdl.handle.net/10550/80653" target="_blank" rel="noreferrer noopener">Dissertação de Mestrado de Raquel de Rivas Verde-Montenegro</a><br><a href="http://aia-cts.web.ua.pt/wp-content/uploads/2022/12/Diploma-de-Merito_Dissertacao-de-Mestrado-2022.pdf" target="_blank" rel="noreferrer noopener">Diploma de Mérito Dissertação de Mestrado de Raquel de Rivas Verde-Montenegro</a></p>

<p>Candidaturas: Trabalhos concluídos em 2020 e 2021 JÚRI: Isabel P. Martins, Universidade de Aveiro – Portugal &#8211; Presidente do Júri Rosa Nidia Tuay Sigua, Universidad Pedagógica Nacional – Colombia Ángel Vázquez Alonso, Universidad de las Islas Baleares – España M.&hellip; </p>
