{"id":8743,"date":"2026-03-03T11:09:47","date_gmt":"2026-03-03T11:09:47","guid":{"rendered":"https:\/\/aia-cts.web.ua.pt\/?page_id=8743"},"modified":"2026-03-03T11:09:55","modified_gmt":"2026-03-03T11:09:55","slug":"premio-aia-cts-2016","status":"publish","type":"page","link":"https:\/\/aia-cts.web.ua.pt\/?page_id=8743&lang=es","title":{"rendered":"Pr\u00e9mio AIA-CTS 2016"},"content":{"rendered":"\n<h2 class=\"wp-block-heading\"><b>Pr\u00e9mio AIA-CTS 2016<\/b><\/h2>\n\n\n\n<p>Disserta\u00e7\u00e3o de mestrado &#8211; <strong>Robson Vinicius Cordeiro<\/strong>, Instituto Federal do Esp\u00edrito Santo, intitulada <strong>\u00abAlfabetiza\u00e7\u00e3o Cient\u00edfica no contexto dos anos iniciais do ensino fundamental: (Des)construindo pr\u00e1ticas pedag\u00f3gicas\u00bb<\/strong>, orientada por <strong>Antonio Donizetti Sgarbi<\/strong>.<br><a href=\"http:\/\/aia-cts.web.ua.pt\/wp-content\/uploads\/2016\/07\/DISSERTACAO_ROBSON-VINICIUS-CORDEIRO1.pdf\" target=\"_blank\" rel=\"noopener noreferrer\">Disserta\u00e7\u00e3o de Mestrado de Robson Vinicius Cordeiro<\/a><br><a href=\"http:\/\/aia-cts.web.ua.pt\/wp-content\/uploads\/2016\/07\/Diploma_dissertacao_Robson_Cordeiro.pdf\" target=\"_blank\" rel=\"noopener noreferrer\">Diploma de M\u00e9rito Disserta\u00e7\u00e3o de Mestrado de Robson Vinicius Cordeiro<\/a><\/p>\n\n\n\n<p>Tese de doutoramento &#8211; <strong>Alejandro Patricio Pujalte<\/strong>, intitulada <strong>\u00abLas im\u00e1genes de Ciencia del profesorado: De la imagen discursiva a la enactiva\u00bb<\/strong>, Universidad Nacional de Quilmes, orientada por <strong>Silvia Porro<\/strong> e <strong>Agust\u00edn Ad\u00fariz-Bravo<\/strong>.<br><a href=\"http:\/\/aia-cts.web.ua.pt\/wp-content\/uploads\/2016\/07\/Tesis-Doctoral-Pujalte2.pdf\" target=\"_blank\" rel=\"noopener noreferrer\">Tese de Doutoramento de Alejandro Patricio Pujalte<\/a><br><a href=\"http:\/\/aia-cts.web.ua.pt\/wp-content\/uploads\/2016\/07\/Diploma_tese_Alejandro_Pujalte.pdf\" target=\"_blank\" rel=\"noopener noreferrer\">Diploma de M\u00e9rito Tese de Doutoramento de Alejandro Patricio Pujalte<\/a><\/p>\n","protected":false},"excerpt":{"rendered":"<p>Pr\u00e9mio AIA-CTS 2016 Disserta\u00e7\u00e3o de mestrado &#8211; Robson Vinicius Cordeiro, Instituto Federal do Esp\u00edrito Santo, intitulada \u00abAlfabetiza\u00e7\u00e3o Cient\u00edfica no contexto dos anos iniciais do ensino fundamental: (Des)construindo pr\u00e1ticas pedag\u00f3gicas\u00bb, orientada por Antonio Donizetti Sgarbi.Disserta\u00e7\u00e3o de Mestrado de Robson Vinicius CordeiroDiploma&hellip; <\/p>\n","protected":false},"author":1,"featured_media":1268,"parent":8659,"menu_order":13,"comment_status":"closed","ping_status":"closed","template":"","meta":{"footnotes":""},"class_list":["post-8743","page","type-page","status-publish","has-post-thumbnail","hentry"],"_links":{"self":[{"href":"https:\/\/aia-cts.web.ua.pt\/index.php?rest_route=\/wp\/v2\/pages\/8743","targetHints":{"allow":["GET"]}}],"collection":[{"href":"https:\/\/aia-cts.web.ua.pt\/index.php?rest_route=\/wp\/v2\/pages"}],"about":[{"href":"https:\/\/aia-cts.web.ua.pt\/index.php?rest_route=\/wp\/v2\/types\/page"}],"author":[{"embeddable":true,"href":"https:\/\/aia-cts.web.ua.pt\/index.php?rest_route=\/wp\/v2\/users\/1"}],"replies":[{"embeddable":true,"href":"https:\/\/aia-cts.web.ua.pt\/index.php?rest_route=%2Fwp%2Fv2%2Fcomments&post=8743"}],"version-history":[{"count":3,"href":"https:\/\/aia-cts.web.ua.pt\/index.php?rest_route=\/wp\/v2\/pages\/8743\/revisions"}],"predecessor-version":[{"id":8752,"href":"https:\/\/aia-cts.web.ua.pt\/index.php?rest_route=\/wp\/v2\/pages\/8743\/revisions\/8752"}],"up":[{"embeddable":true,"href":"https:\/\/aia-cts.web.ua.pt\/index.php?rest_route=\/wp\/v2\/pages\/8659"}],"wp:featuredmedia":[{"embeddable":true,"href":"https:\/\/aia-cts.web.ua.pt\/index.php?rest_route=\/wp\/v2\/media\/1268"}],"wp:attachment":[{"href":"https:\/\/aia-cts.web.ua.pt\/index.php?rest_route=%2Fwp%2Fv2%2Fmedia&parent=8743"}],"curies":[{"name":"wp","href":"https:\/\/api.w.org\/{rel}","templated":true}]}}

Prémio AIA-CTS 2016

<h2 class="wp-block-heading"><b>Prémio AIA-CTS 2016</b></h2>



<p>Dissertação de mestrado &#8211; <strong>Robson Vinicius Cordeiro</strong>, Instituto Federal do Espírito Santo, intitulada <strong>«Alfabetização Científica no contexto dos anos iniciais do ensino fundamental: (Des)construindo práticas pedagógicas»</strong>, orientada por <strong>Antonio Donizetti Sgarbi</strong>.<br><a href="http://aia-cts.web.ua.pt/wp-content/uploads/2016/07/DISSERTACAO_ROBSON-VINICIUS-CORDEIRO1.pdf" target="_blank" rel="noopener noreferrer">Dissertação de Mestrado de Robson Vinicius Cordeiro</a><br><a href="http://aia-cts.web.ua.pt/wp-content/uploads/2016/07/Diploma_dissertacao_Robson_Cordeiro.pdf" target="_blank" rel="noopener noreferrer">Diploma de Mérito Dissertação de Mestrado de Robson Vinicius Cordeiro</a></p>



<p>Tese de doutoramento &#8211; <strong>Alejandro Patricio Pujalte</strong>, intitulada <strong>«Las imágenes de Ciencia del profesorado: De la imagen discursiva a la enactiva»</strong>, Universidad Nacional de Quilmes, orientada por <strong>Silvia Porro</strong> e <strong>Agustín Adúriz-Bravo</strong>.<br><a href="http://aia-cts.web.ua.pt/wp-content/uploads/2016/07/Tesis-Doctoral-Pujalte2.pdf" target="_blank" rel="noopener noreferrer">Tese de Doutoramento de Alejandro Patricio Pujalte</a><br><a href="http://aia-cts.web.ua.pt/wp-content/uploads/2016/07/Diploma_tese_Alejandro_Pujalte.pdf" target="_blank" rel="noopener noreferrer">Diploma de Mérito Tese de Doutoramento de Alejandro Patricio Pujalte</a></p>

<p>Prémio AIA-CTS 2016 Dissertação de mestrado &#8211; Robson Vinicius Cordeiro, Instituto Federal do Espírito Santo, intitulada «Alfabetização Científica no contexto dos anos iniciais do ensino fundamental: (Des)construindo práticas pedagógicas», orientada por Antonio Donizetti Sgarbi.Dissertação de Mestrado de Robson Vinicius CordeiroDiploma&hellip; </p>
