{"id":8761,"date":"2026-03-03T11:11:10","date_gmt":"2026-03-03T11:11:10","guid":{"rendered":"https:\/\/aia-cts.web.ua.pt\/?page_id=8761"},"modified":"2026-03-03T11:11:12","modified_gmt":"2026-03-03T11:11:12","slug":"premio-aia-cts-2018","status":"publish","type":"page","link":"https:\/\/aia-cts.web.ua.pt\/?page_id=8761&lang=es","title":{"rendered":"Pr\u00e9mio AIA-CTS 2018"},"content":{"rendered":"\n<h2 class=\"wp-block-heading\"><strong><strong>Pr\u00e9mio <b>AIA-CTS<\/b> 2018<\/strong><\/strong><\/h2>\n\n\n\n<p>Disserta\u00e7\u00e3o de mestrado \u2013 <strong>Denise Ana Augusta dos Santos Oliveira<\/strong>, Instituto Federal de Educa\u00e7\u00e3o, Ci\u00eancia e Tecnologia do Rio de Janeiro &#8211; IFRJ\/Nil\u00f3polis, intitulada <strong>\u00abTESSITURAS SOCIOCIENT\u00cdFICAS NO CONTEXTO DA HORTA ESCOLAR: com o protagonismo infantil das narrativas \u00e0 produ\u00e7\u00e3o liter\u00e1ria\u00bb<\/strong>, orientada por <strong>Jorge Cardoso Messeder<\/strong>.<br><a href=\"http:\/\/aia-cts.web.ua.pt\/wp-content\/uploads\/2018\/08\/Dissertacao-completa-capa-dura.pdf\" target=\"_blank\" rel=\"noopener noreferrer\">Disserta\u00e7\u00e3o de Mestrado de Denise Ana Augusta dos Santos Oliveira<\/a><br><a href=\"http:\/\/aia-cts.web.ua.pt\/wp-content\/uploads\/2018\/08\/Premio-CTS-2018_DeniseOliveira.pdf\" target=\"_blank\" rel=\"noopener noreferrer\">Diploma de M\u00e9rito Disserta\u00e7\u00e3o de Mestrado de Denise Ana Augusta dos Santos Oliveira<\/a><\/p>\n","protected":false},"excerpt":{"rendered":"<p>Pr\u00e9mio AIA-CTS 2018 Disserta\u00e7\u00e3o de mestrado \u2013 Denise Ana Augusta dos Santos Oliveira, Instituto Federal de Educa\u00e7\u00e3o, Ci\u00eancia e Tecnologia do Rio de Janeiro &#8211; IFRJ\/Nil\u00f3polis, intitulada \u00abTESSITURAS SOCIOCIENT\u00cdFICAS NO CONTEXTO DA HORTA ESCOLAR: com o protagonismo infantil das narrativas&hellip; <\/p>\n","protected":false},"author":1,"featured_media":2400,"parent":8659,"menu_order":14,"comment_status":"closed","ping_status":"closed","template":"","meta":{"footnotes":""},"class_list":["post-8761","page","type-page","status-publish","has-post-thumbnail","hentry"],"_links":{"self":[{"href":"https:\/\/aia-cts.web.ua.pt\/index.php?rest_route=\/wp\/v2\/pages\/8761","targetHints":{"allow":["GET"]}}],"collection":[{"href":"https:\/\/aia-cts.web.ua.pt\/index.php?rest_route=\/wp\/v2\/pages"}],"about":[{"href":"https:\/\/aia-cts.web.ua.pt\/index.php?rest_route=\/wp\/v2\/types\/page"}],"author":[{"embeddable":true,"href":"https:\/\/aia-cts.web.ua.pt\/index.php?rest_route=\/wp\/v2\/users\/1"}],"replies":[{"embeddable":true,"href":"https:\/\/aia-cts.web.ua.pt\/index.php?rest_route=%2Fwp%2Fv2%2Fcomments&post=8761"}],"version-history":[{"count":2,"href":"https:\/\/aia-cts.web.ua.pt\/index.php?rest_route=\/wp\/v2\/pages\/8761\/revisions"}],"predecessor-version":[{"id":8767,"href":"https:\/\/aia-cts.web.ua.pt\/index.php?rest_route=\/wp\/v2\/pages\/8761\/revisions\/8767"}],"up":[{"embeddable":true,"href":"https:\/\/aia-cts.web.ua.pt\/index.php?rest_route=\/wp\/v2\/pages\/8659"}],"wp:featuredmedia":[{"embeddable":true,"href":"https:\/\/aia-cts.web.ua.pt\/index.php?rest_route=\/wp\/v2\/media\/2400"}],"wp:attachment":[{"href":"https:\/\/aia-cts.web.ua.pt\/index.php?rest_route=%2Fwp%2Fv2%2Fmedia&parent=8761"}],"curies":[{"name":"wp","href":"https:\/\/api.w.org\/{rel}","templated":true}]}}