{"id":8815,"date":"2026-03-03T11:20:58","date_gmt":"2026-03-03T11:20:58","guid":{"rendered":"https:\/\/aia-cts.web.ua.pt\/?page_id=8815"},"modified":"2026-03-31T09:01:27","modified_gmt":"2026-03-31T08:01:27","slug":"destacados","status":"publish","type":"page","link":"https:\/\/aia-cts.web.ua.pt\/?page_id=8815&lang=es","title":{"rendered":"Destacados"},"content":{"rendered":"\n<h2 class=\"wp-block-heading\"><strong>Falecimento do PROFESSOR WILDSON LUIZ PEREIRA DOS SANTOS<\/strong><\/h2>\n\n\n\n<p>\u00c9 com profundo pesar que a Associa\u00e7\u00e3o Iberoamericana CTS comunica o falecimento (28 outubro 2016) DO PROFESSOR WILDSON LUIZ PEREIRA DOS SANTOS, companheiro e membro da AIA-CTS desde&nbsp; a sua funda\u00e7\u00e3o. Era professor na Universidade de Bras\u00edlia (<a href=\"http:\/\/www.noticias.unb.br\/publicacoes\/69-informe\/1086-unb-lamenta-perda-do-professor-wildson-luiz-pereira-dos-santos\" target=\"_blank\" rel=\"noopener noreferrer\">http:\/\/www.noticias.unb.br\/publicacoes\/69-informe\/1086-unb-lamenta-perda-do-professor-wildson-luiz-pereira-dos-santos<\/a>).<\/p>\n\n\n\n<p>Muito contribuiu para os debates no campo de forma\u00e7\u00e3o de professores de Ci\u00eancias e para a consolida\u00e7\u00e3o do campo que estuda rela\u00e7\u00f5es entre ci\u00eancia, tecnologia e sociedade, em o seu pa\u00eds e no exterior. O professor Wildson dedicou grande parte dos seus esfor\u00e7os a projetos acad\u00e9micos e sociais que promovem a emancipa\u00e7\u00e3o e a redu\u00e7\u00e3o de desigualdades sociais. Era membro da&nbsp; comiss\u00e3o executiva da AIA-CTS, foi co-editor dos tr\u00eas primeiro Boletins da Associa\u00e7\u00e3o e membro do j\u00fari do Pr\u00e9mio CTS 2014.<\/p>\n\n\n\n<p>Deixa-nos um legado importante que esperamos que frutifique e seja basilar na busca e constru\u00e7\u00e3o de uma ci\u00eancia mais pr\u00f3xima da sociedade e da escola. Ficar\u00e1 a lembran\u00e7a do CIENTISTA, do PROFESSOR, do COMPANHEIRO e do AMIGO que tocou tantas vidas no plano profissional e pessoal, pela sua sensibilidade, sagacidade, determina\u00e7\u00e3o, capacidade de supera\u00e7\u00e3o e equil\u00edbrio. Todos os que convivemos com ele aprendemos muito e a saudade que sentiremos deve ser transformada em inspira\u00e7\u00e3o, for\u00e7a e \u00e2nimo para lutar por mais humanidade e justi\u00e7a na sociedade.<\/p>\n\n\n\n<p>Aqui fica a sentida e devida homenagem da Junta directiva de l\u2019AIA-CTS.<\/p>\n\n\n\n<div style=\"height:20px\" aria-hidden=\"true\" class=\"wp-block-spacer\"><\/div>\n\n\n\n<h2 class=\"wp-block-heading\"><b>Adi\u00f3s a Miguel \u00c1ngel<\/b><\/h2>\n\n\n\n<p>En septiembre de 2013 Miguel \u00c1ngel G\u00f3mez Crespo, de forma inesperada, inici\u00f3 el dise\u00f1o y desarrollo del curso m\u00e1s dif\u00edcil: afrontar la noticia del diagn\u00f3stico de un problema de salud con muy mal pron\u00f3stico. Con coraje y lucidez decidi\u00f3 conducir su vida dejando claro lo que quer\u00eda y lo que no, as\u00ed ha estado durante m\u00e1s de un a\u00f1o luchando contra un c\u00e1ncer. A pesar de esa lucha, muri\u00f3 el pasado 17 de febrero de 2015.<\/p>\n\n\n\n<p>Le gustaba la innovaci\u00f3n y la experimentaci\u00f3n, que le llevaron en repetidas ocasiones a la Feria de la Ciencia en Madrid, a editar la revista en l\u00ednea &#8220;El rinc\u00f3n de la ciencia&#8221;, a participar en numerosos congresos, entre ellos CTS, y a escribir art\u00edculos y libros variados.&nbsp; Ten\u00eda muchos proyectos que han quedado inacabados y, ahora, quienes hemos trabajado durante muchos a\u00f1os con \u00e9l intentaremos continuar su legado como peque\u00f1o homenaje a su entusiasmo, creatividad, buen hacer y generosidad en la ense\u00f1anza de las ciencias.&nbsp;Se pueden encontrar algunas palabras sobre su labor educativa en&nbsp;<a href=\"https:\/\/sites.google.com\/site\/cienciayeducacionweb\/revista-cye\">https:\/\/sites.google.com\/site\/cienciayeducacionweb\/revista-cye<\/a><\/p>\n\n\n\n<p>Los m\u00e1s cercanos a Miguel \u00c1ngel, en esta \u00faltima etapa hemos aprendido la importancia del acompa\u00f1amiento, el valor de los silencios y la fuerza del apret\u00f3n de manos.<\/p>\n\n\n\n<p>Nosotras hemos perdido un muy buen amigo y la ense\u00f1anza de las ciencias un gran profesor innovador. Un MAESTRO.<\/p>\n\n\n\n<p><b><i>Mar\u00eda Jes\u00fas Martin-D\u00edaz<\/i><\/b> y <b><i>Mar\u00eda Sagrario Guti\u00e9rrez Juli\u00e1n (Marisa)<\/i><\/b><b><i><\/i><\/b><\/p>\n\n\n\n<p>&nbsp;<\/p>\n\n\n\n<h2 class=\"wp-block-heading\"><strong>IV SIACTS <\/strong><\/h2>\n\n\n\n<p><iframe loading=\"lazy\" src=\"\/\/www.youtube.com\/embed\/-66-Wm448Ic?list=PLzpfjFwUBmP6eEbJSI9WzsqxkhKpR-sQH\" width=\"640\" height=\"360\" frameborder=\"0\" allowfullscreen=\"allowfullscreen\"><\/iframe><\/p>\n\n\n\n<p><a href=\"http:\/\/agencia.pedagogica.edu.co\/vernoticia.php?idnot=1326%3Chttp:\/\/www.google.com\/url?q=http%3A%2F%2Fagencia.pedagogica.edu.co%2Fvernoticia.php%3Fidnot%3D1326&amp;sa=D&amp;sntz=1&amp;usg=AFQjCNH2hmDLLFtf-MIZPN-pOzG36nBMLw\">IV Semin\u00e1rio Ibero-Americano CTS <\/a><\/p>\n\n\n<div id=\"metaslider-id-640\" style=\"max-width: 640px;\" class=\"ml-slider-3-107-0 metaslider metaslider-nivo metaslider-640 ml-slider has-dots-nav ms-theme-default\" role=\"region\" aria-label=\"New Slider\" data-height=\"360\" data-width=\"640\">\n    <div id=\"metaslider_container_640\">\n        <div class='slider-wrapper theme-default'><div class='ribbon'><\/div><div id='metaslider_640' class='nivoSlider'><img loading=\"lazy\" decoding=\"async\" src=\"https:\/\/aia-cts.web.ua.pt\/wp-content\/uploads\/2014\/07\/MG_573210-640x360.jpg\" height=\"360\" width=\"640\" alt=\"\" class=\"slider-640 slide-639 msDefaultImage\" \/><img loading=\"lazy\" decoding=\"async\" src=\"https:\/\/aia-cts.web.ua.pt\/wp-content\/uploads\/2014\/07\/MG_57381-640x360.jpg\" height=\"360\" width=\"640\" alt=\"\" class=\"slider-640 slide-619 msDefaultImage\" \/><img loading=\"lazy\" decoding=\"async\" src=\"https:\/\/aia-cts.web.ua.pt\/wp-content\/uploads\/2014\/07\/MG_57421-640x360.jpg\" height=\"360\" width=\"640\" alt=\"\" class=\"slider-640 slide-620 msDefaultImage\" \/><img loading=\"lazy\" decoding=\"async\" src=\"https:\/\/aia-cts.web.ua.pt\/wp-content\/uploads\/2014\/07\/MG_57431-640x360.jpg\" height=\"360\" width=\"640\" alt=\"\" class=\"slider-640 slide-621 msDefaultImage\" \/><img loading=\"lazy\" decoding=\"async\" src=\"https:\/\/aia-cts.web.ua.pt\/wp-content\/uploads\/2014\/07\/MG_57481-640x360.jpg\" height=\"360\" width=\"640\" alt=\"\" class=\"slider-640 slide-622 msDefaultImage\" \/><img loading=\"lazy\" decoding=\"async\" src=\"https:\/\/aia-cts.web.ua.pt\/wp-content\/uploads\/2014\/07\/IMG_38971-640x360.jpg\" height=\"360\" width=\"640\" alt=\"\" class=\"slider-640 slide-623 msDefaultImage\" \/><img loading=\"lazy\" decoding=\"async\" src=\"https:\/\/aia-cts.web.ua.pt\/wp-content\/uploads\/2014\/07\/IMG_39001-640x360.jpg\" height=\"360\" width=\"640\" alt=\"\" class=\"slider-640 slide-624 msDefaultImage\" \/><img loading=\"lazy\" decoding=\"async\" src=\"https:\/\/aia-cts.web.ua.pt\/wp-content\/uploads\/2014\/07\/IMG_39011-640x360.jpg\" height=\"360\" width=\"640\" alt=\"\" class=\"slider-640 slide-625 msDefaultImage\" \/><img loading=\"lazy\" decoding=\"async\" src=\"https:\/\/aia-cts.web.ua.pt\/wp-content\/uploads\/2014\/07\/IMG_39071-640x360.jpg\" height=\"360\" width=\"640\" alt=\"\" class=\"slider-640 slide-626 msDefaultImage\" \/><img loading=\"lazy\" decoding=\"async\" src=\"https:\/\/aia-cts.web.ua.pt\/wp-content\/uploads\/2014\/07\/IMG_39091-640x360.jpg\" height=\"360\" width=\"640\" alt=\"\" class=\"slider-640 slide-627 msDefaultImage\" \/><img loading=\"lazy\" decoding=\"async\" src=\"https:\/\/aia-cts.web.ua.pt\/wp-content\/uploads\/2014\/07\/IMG_39101-640x360.jpg\" height=\"360\" width=\"640\" alt=\"\" class=\"slider-640 slide-628 msDefaultImage\" \/><img loading=\"lazy\" decoding=\"async\" src=\"https:\/\/aia-cts.web.ua.pt\/wp-content\/uploads\/2014\/07\/IMG_39201-640x360.jpg\" height=\"360\" width=\"640\" alt=\"\" class=\"slider-640 slide-629 msDefaultImage\" \/><img loading=\"lazy\" decoding=\"async\" src=\"https:\/\/aia-cts.web.ua.pt\/wp-content\/uploads\/2014\/07\/IMG_39221-640x360.jpg\" height=\"360\" width=\"640\" alt=\"\" class=\"slider-640 slide-630 msDefaultImage\" \/><img loading=\"lazy\" decoding=\"async\" src=\"https:\/\/aia-cts.web.ua.pt\/wp-content\/uploads\/2014\/07\/IMG_39261-640x360.jpg\" height=\"360\" width=\"640\" alt=\"\" class=\"slider-640 slide-631 msDefaultImage\" \/><img loading=\"lazy\" decoding=\"async\" src=\"https:\/\/aia-cts.web.ua.pt\/wp-content\/uploads\/2014\/07\/IMG_39401-640x360.jpg\" height=\"360\" width=\"640\" alt=\"\" class=\"slider-640 slide-633 msDefaultImage\" \/><img loading=\"lazy\" decoding=\"async\" src=\"https:\/\/aia-cts.web.ua.pt\/wp-content\/uploads\/2014\/07\/IMG_39421-640x360.jpg\" height=\"360\" width=\"640\" alt=\"\" class=\"slider-640 slide-635 msDefaultImage\" \/><\/div><\/div>\n        \n    <\/div>\n<\/div>\n\n\n\n<p>&nbsp;<\/p>\n\n\n\n<h2 class=\"wp-block-heading\"><strong>Entrevista da Presidente da AIA-CTS, Professora Isabel P. Martins<\/strong><\/h2>\n\n\n\n<p><iframe loading=\"lazy\" src=\"\/\/www.youtube.com\/embed\/BP-B_rUCDJI\" width=\"640\" height=\"360\" frameborder=\"0\" allowfullscreen=\"allowfullscreen\"><\/iframe><\/p>\n","protected":false},"excerpt":{"rendered":"<p>Falecimento do PROFESSOR WILDSON LUIZ PEREIRA DOS SANTOS \u00c9 com profundo pesar que a Associa\u00e7\u00e3o Iberoamericana CTS comunica o falecimento (28 outubro 2016) DO PROFESSOR WILDSON LUIZ PEREIRA DOS SANTOS, companheiro e membro da AIA-CTS desde&nbsp; a sua funda\u00e7\u00e3o. Era&hellip; <\/p>\n","protected":false},"author":1,"featured_media":0,"parent":8551,"menu_order":21,"comment_status":"open","ping_status":"closed","template":"","meta":{"footnotes":""},"class_list":["post-8815","page","type-page","status-publish","hentry"],"_links":{"self":[{"href":"https:\/\/aia-cts.web.ua.pt\/index.php?rest_route=\/wp\/v2\/pages\/8815","targetHints":{"allow":["GET"]}}],"collection":[{"href":"https:\/\/aia-cts.web.ua.pt\/index.php?rest_route=\/wp\/v2\/pages"}],"about":[{"href":"https:\/\/aia-cts.web.ua.pt\/index.php?rest_route=\/wp\/v2\/types\/page"}],"author":[{"embeddable":true,"href":"https:\/\/aia-cts.web.ua.pt\/index.php?rest_route=\/wp\/v2\/users\/1"}],"replies":[{"embeddable":true,"href":"https:\/\/aia-cts.web.ua.pt\/index.php?rest_route=%2Fwp%2Fv2%2Fcomments&post=8815"}],"version-history":[{"count":2,"href":"https:\/\/aia-cts.web.ua.pt\/index.php?rest_route=\/wp\/v2\/pages\/8815\/revisions"}],"predecessor-version":[{"id":8824,"href":"https:\/\/aia-cts.web.ua.pt\/index.php?rest_route=\/wp\/v2\/pages\/8815\/revisions\/8824"}],"up":[{"embeddable":true,"href":"https:\/\/aia-cts.web.ua.pt\/index.php?rest_route=\/wp\/v2\/pages\/8551"}],"wp:attachment":[{"href":"https:\/\/aia-cts.web.ua.pt\/index.php?rest_route=%2Fwp%2Fv2%2Fmedia&parent=8815"}],"curies":[{"name":"wp","href":"https:\/\/api.w.org\/{rel}","templated":true}]}}

<h2 class="wp-block-heading"><strong>Falecimento do PROFESSOR WILDSON LUIZ PEREIRA DOS SANTOS</strong></h2>



<p>É com profundo pesar que a Associação Iberoamericana CTS comunica o falecimento (28 outubro 2016) DO PROFESSOR WILDSON LUIZ PEREIRA DOS SANTOS, companheiro e membro da AIA-CTS desde&nbsp; a sua fundação. Era professor na Universidade de Brasília (<a href="http://www.noticias.unb.br/publicacoes/69-informe/1086-unb-lamenta-perda-do-professor-wildson-luiz-pereira-dos-santos" target="_blank" rel="noopener noreferrer">http://www.noticias.unb.br/publicacoes/69-informe/1086-unb-lamenta-perda-do-professor-wildson-luiz-pereira-dos-santos</a>).</p>



<p>Muito contribuiu para os debates no campo de formação de professores de Ciências e para a consolidação do campo que estuda relações entre ciência, tecnologia e sociedade, em o seu país e no exterior. O professor Wildson dedicou grande parte dos seus esforços a projetos académicos e sociais que promovem a emancipação e a redução de desigualdades sociais. Era membro da&nbsp; comissão executiva da AIA-CTS, foi co-editor dos três primeiro Boletins da Associação e membro do júri do Prémio CTS 2014.</p>



<p>Deixa-nos um legado importante que esperamos que frutifique e seja basilar na busca e construção de uma ciência mais próxima da sociedade e da escola. Ficará a lembrança do CIENTISTA, do PROFESSOR, do COMPANHEIRO e do AMIGO que tocou tantas vidas no plano profissional e pessoal, pela sua sensibilidade, sagacidade, determinação, capacidade de superação e equilíbrio. Todos os que convivemos com ele aprendemos muito e a saudade que sentiremos deve ser transformada em inspiração, força e ânimo para lutar por mais humanidade e justiça na sociedade.</p>



<p>Aqui fica a sentida e devida homenagem da Junta directiva de l’AIA-CTS.</p>



<div style="height:20px" aria-hidden="true" class="wp-block-spacer"></div>



<h2 class="wp-block-heading"><b>Adiós a Miguel Ángel</b></h2>



<p>En septiembre de 2013 Miguel Ángel Gómez Crespo, de forma inesperada, inició el diseño y desarrollo del curso más difícil: afrontar la noticia del diagnóstico de un problema de salud con muy mal pronóstico. Con coraje y lucidez decidió conducir su vida dejando claro lo que quería y lo que no, así ha estado durante más de un año luchando contra un cáncer. A pesar de esa lucha, murió el pasado 17 de febrero de 2015.</p>



<p>Le gustaba la innovación y la experimentación, que le llevaron en repetidas ocasiones a la Feria de la Ciencia en Madrid, a editar la revista en línea &#8220;El rincón de la ciencia&#8221;, a participar en numerosos congresos, entre ellos CTS, y a escribir artículos y libros variados.&nbsp; Tenía muchos proyectos que han quedado inacabados y, ahora, quienes hemos trabajado durante muchos años con él intentaremos continuar su legado como pequeño homenaje a su entusiasmo, creatividad, buen hacer y generosidad en la enseñanza de las ciencias.&nbsp;Se pueden encontrar algunas palabras sobre su labor educativa en&nbsp;<a href="https://sites.google.com/site/cienciayeducacionweb/revista-cye">https://sites.google.com/site/cienciayeducacionweb/revista-cye</a></p>



<p>Los más cercanos a Miguel Ángel, en esta última etapa hemos aprendido la importancia del acompañamiento, el valor de los silencios y la fuerza del apretón de manos.</p>



<p>Nosotras hemos perdido un muy buen amigo y la enseñanza de las ciencias un gran profesor innovador. Un MAESTRO.</p>



<p><b><i>María Jesús Martin-Díaz</i></b> y <b><i>María Sagrario Gutiérrez Julián (Marisa)</i></b><b><i></i></b></p>



<p>&nbsp;</p>



<h2 class="wp-block-heading"><strong>IV SIACTS </strong></h2>



<p><iframe loading="lazy" src="//www.youtube.com/embed/-66-Wm448Ic?list=PLzpfjFwUBmP6eEbJSI9WzsqxkhKpR-sQH" width="640" height="360" frameborder="0" allowfullscreen="allowfullscreen"></iframe></p>



<p><a href="http://agencia.pedagogica.edu.co/vernoticia.php?idnot=1326%3Chttp://www.google.com/url?q=http%3A%2F%2Fagencia.pedagogica.edu.co%2Fvernoticia.php%3Fidnot%3D1326&amp;sa=D&amp;sntz=1&amp;usg=AFQjCNH2hmDLLFtf-MIZPN-pOzG36nBMLw">IV Seminário Ibero-Americano CTS </a></p>


<div id="metaslider-id-640" style="max-width: 640px;" class="ml-slider-3-107-0 metaslider metaslider-nivo metaslider-640 ml-slider has-dots-nav ms-theme-default" role="region" aria-label="New Slider" data-height="360" data-width="640">
    <div id="metaslider_container_640">
        <div class='slider-wrapper theme-default'><div class='ribbon'></div><div id='metaslider_640' class='nivoSlider'><img loading="lazy" decoding="async" src="https://aia-cts.web.ua.pt/wp-content/uploads/2014/07/MG_573210-640x360.jpg" height="360" width="640" alt="" class="slider-640 slide-639 msDefaultImage" /><img loading="lazy" decoding="async" src="https://aia-cts.web.ua.pt/wp-content/uploads/2014/07/MG_57381-640x360.jpg" height="360" width="640" alt="" class="slider-640 slide-619 msDefaultImage" /><img loading="lazy" decoding="async" src="https://aia-cts.web.ua.pt/wp-content/uploads/2014/07/MG_57421-640x360.jpg" height="360" width="640" alt="" class="slider-640 slide-620 msDefaultImage" /><img loading="lazy" decoding="async" src="https://aia-cts.web.ua.pt/wp-content/uploads/2014/07/MG_57431-640x360.jpg" height="360" width="640" alt="" class="slider-640 slide-621 msDefaultImage" /><img loading="lazy" decoding="async" src="https://aia-cts.web.ua.pt/wp-content/uploads/2014/07/MG_57481-640x360.jpg" height="360" width="640" alt="" class="slider-640 slide-622 msDefaultImage" /><img loading="lazy" decoding="async" src="https://aia-cts.web.ua.pt/wp-content/uploads/2014/07/IMG_38971-640x360.jpg" height="360" width="640" alt="" class="slider-640 slide-623 msDefaultImage" /><img loading="lazy" decoding="async" src="https://aia-cts.web.ua.pt/wp-content/uploads/2014/07/IMG_39001-640x360.jpg" height="360" width="640" alt="" class="slider-640 slide-624 msDefaultImage" /><img loading="lazy" decoding="async" src="https://aia-cts.web.ua.pt/wp-content/uploads/2014/07/IMG_39011-640x360.jpg" height="360" width="640" alt="" class="slider-640 slide-625 msDefaultImage" /><img loading="lazy" decoding="async" src="https://aia-cts.web.ua.pt/wp-content/uploads/2014/07/IMG_39071-640x360.jpg" height="360" width="640" alt="" class="slider-640 slide-626 msDefaultImage" /><img loading="lazy" decoding="async" src="https://aia-cts.web.ua.pt/wp-content/uploads/2014/07/IMG_39091-640x360.jpg" height="360" width="640" alt="" class="slider-640 slide-627 msDefaultImage" /><img loading="lazy" decoding="async" src="https://aia-cts.web.ua.pt/wp-content/uploads/2014/07/IMG_39101-640x360.jpg" height="360" width="640" alt="" class="slider-640 slide-628 msDefaultImage" /><img loading="lazy" decoding="async" src="https://aia-cts.web.ua.pt/wp-content/uploads/2014/07/IMG_39201-640x360.jpg" height="360" width="640" alt="" class="slider-640 slide-629 msDefaultImage" /><img loading="lazy" decoding="async" src="https://aia-cts.web.ua.pt/wp-content/uploads/2014/07/IMG_39221-640x360.jpg" height="360" width="640" alt="" class="slider-640 slide-630 msDefaultImage" /><img loading="lazy" decoding="async" src="https://aia-cts.web.ua.pt/wp-content/uploads/2014/07/IMG_39261-640x360.jpg" height="360" width="640" alt="" class="slider-640 slide-631 msDefaultImage" /><img loading="lazy" decoding="async" src="https://aia-cts.web.ua.pt/wp-content/uploads/2014/07/IMG_39401-640x360.jpg" height="360" width="640" alt="" class="slider-640 slide-633 msDefaultImage" /><img loading="lazy" decoding="async" src="https://aia-cts.web.ua.pt/wp-content/uploads/2014/07/IMG_39421-640x360.jpg" height="360" width="640" alt="" class="slider-640 slide-635 msDefaultImage" /></div></div>
        
    </div>
</div>



<p>&nbsp;</p>



<h2 class="wp-block-heading"><strong>Entrevista da Presidente da AIA-CTS, Professora Isabel P. Martins</strong></h2>



<p><iframe loading="lazy" src="//www.youtube.com/embed/BP-B_rUCDJI" width="640" height="360" frameborder="0" allowfullscreen="allowfullscreen"></iframe></p>

<p>Falecimento do PROFESSOR WILDSON LUIZ PEREIRA DOS SANTOS É com profundo pesar que a Associação Iberoamericana CTS comunica o falecimento (28 outubro 2016) DO PROFESSOR WILDSON LUIZ PEREIRA DOS SANTOS, companheiro e membro da AIA-CTS desde&nbsp; a sua fundação. Era&hellip; </p>
